-9). Let k be (-7 + s)*25/(-20). What is the highest common factor of 20 and k?
10
Let k = 6 - -4. Let j be (-2 + 2 - 200)*(-6)/15. What is the greatest common divisor of k and j?
10
Let n(p) = p**2 - 8*p - 5. Let c(b) = b**2 + 11*b - 16. Let d be c(-13). Let y be n(d). Calculate the highest common divisor of 165 and y.
15
Suppose 4*w = 2*p + 2, 4*p - 2*w = -5 + 13. Suppose 332 = p*g + k, 5*g - 435 = -k + 121. What is the greatest common divisor of g and 14?
14
Let p(i) = i**3 + 5*i**2 - 3*i + 2. Let w be p(-5). Let l = 24 + -7. Calculate the greatest common factor of l and w.
17
Suppose 0 = -24*l + 10*l + 294. Suppose -i - 2*g = -166, -2*i - i + 4*g + 508 = 0. What is the highest common factor of l and i?
21
Suppose 5*l - 1 = 5*d - d, d + 4*l = 5. Let j = d - -2. Calculate the greatest common divisor of j and 1.
1
Let n = 2 + 1. Suppose 4*i - n*i - 2 = 0. What is the highest common factor of i and 4?
2
Let g(a) = 14 - 4*a - 3 + 3*a. Let r = 1 - 1. Let w be g(r). What is the greatest common divisor of w and 33?
11
Let l be (-2)/(-6) - (-2)/(-6). Suppose -4*b + 7*b - w - 596 = l, 5*w = -10. What is the highest common divisor of 18 and b?
18
Let k(y) = 3*y - 7*y - 4 + 2. Let m(z) = z + 3. Let o be m(-6). Let u be k(o). Calculate the greatest common factor of 4 and u.
2
Let b = 0 - -9. Let t be 2/b + (-191)/9. Let s be 4/14 - 330/t. Calculate the highest common divisor of 16 and s.
16
Let p = -26 + 36. Calculate the greatest common factor of 10 and p.
10
Let k be (-8)/(4*(-3)/162). What is the greatest common factor of k and 12?
12
Let o(a) = a**2 - 2*a + 1. Let l = 4 + -1. Let r be o(l). Let j = 7 - r. What is the highest common divisor of j and 33?
3
Suppose 5*f + 60 = l, 4*l + 4*f + 21 = 165. What is the highest common divisor of 24 and l?
8
Let t = 3 - 5. Let i be 27*16*t/(-12). What is the greatest common factor of 9 and i?
9
Suppose 2*j = 2*x + 32, j - 5*x = 8 + 4. Calculate the highest common divisor of j and 170.
17
Suppose -2*y - 12 = -6*y - 4*r, 2*y = 5*r - 1. Let l(a) = a**3 - 8*a**2 + a + 6. Let x be l(8). Calculate the greatest common factor of x and y.
2
Let g = 16 + -10. What is the highest common factor of g and 24?
6
Let u(i) = 4*i**2 + 8*i - 4. Let r be u(-7). Suppose 0 = -4*l + 32 + 36. Calculate the greatest common divisor of r and l.
17
Suppose -19*b = -39*b + 160. Suppose 0*p - 4 = -2*p. Calculate the greatest common factor of b and p.
2
Let f = 7 - -20. What is the greatest common factor of 27 and f?
27
Let a(y) = 5*y**2 - 34*y + 21. Let i be a(9). Calculate the highest common divisor of i and 15.
15
Let q = -3 + 12. Suppose -3*v = q, 3*v = -w + 3*w - 25. Calculate the highest common divisor of 12 and w.
4
Suppose 5*f - 4 = 46. Calculate the highest common divisor of 80 and f.
10
Suppose -4*h = h - 30. Let r = -18 + 28. Suppose -h*d + d + r = 0. What is the highest common divisor of d and 5?
1
Suppose 5*h = -2*i + 28, -i - 16 = -5*i. Suppose 2*o - 2*k - h = -2, -o = 2*k - 7. Suppose -48 = -v - o*v. Calculate the greatest common factor of 48 and v.
12
Suppose -4*d - d + 80 = 0. Suppose -50 = -t + d. Let q(a) = a**3 + 8*a**2 + 7*a + 6. Let s be q(-7). Calculate the highest common divisor of t and s.
6
Let h = 14 + -7. Let r(j) = -j**3 + 6*j**2 + 10*j - 4. Let l be r(h). Let t(g) = -g**2 + 8*g + 5. Let c be t(6). What is the greatest common factor of c and l?
17
Let q be (-10 + 2)*-2 - 3. Suppose y + 7 = 3*k + 3*y, -4*y + q = 5*k. Calculate the highest common factor of 7 and k.
1
Let s = -62 - -114. Suppose s + 16 = 4*q. What is the greatest common divisor of q and 51?
17
Let c(w) = -w**2 + 2*w**2 - 4 + 5*w - 2*w**2 - w. Let r be c(7). Let x = -14 - r. What is the highest common factor of 88 and x?
11
Suppose -4*w + w = 4*d - 323, -222 = -2*w - 4*d. Let c = w - 51. Let g(t) = 6*t - 2. Let b be g(2). What is the greatest common factor of b and c?
10
Let j be (-166)/(-6) + -1 + 9/27. Calculate the highest common divisor of j and 108.
27
Let v(z) = 2*z - 2. Let l be v(5). Suppose -2*c - c = 117. Let y be 0 + 2 - (1 + c). What is the highest common divisor of y and l?
8
Let k be (-8)/(-28) - (-4)/(-14). Let s = -2 - k. Let a be (-6 + s)/((-2)/4). What is the greatest common factor of 4 and a?
4
Let i be ((-63)/(-6))/((-15)/(-70)). What is the greatest common factor of i and 441?
49
Let a(d) = 2*d**2 - 3*d - 19. Let g be a(8). Calculate the highest common factor of 34 and g.
17
Suppose 4 + 0 = 2*m. Suppose m*q - 38 = -6. What is the highest common factor of q and 128?
16
Suppose -2*c + l = -6*c + 210, 3*c - 158 = -l. Calculate the greatest common divisor of 78 and c.
26
Suppose 0*g + 4 = 2*g, 0 = -3*o + 3*g + 174. Calculate the highest common factor of 24 and o.
12
Let c be (-53)/(-5) - (-12)/30. Let u(o) = 3*o**2 - 6*o - 1. Let b be u(5). What is the highest common divisor of c and b?
11
Let a(z) = -60*z. Let h be a(-1). Let c = 10 - 17. Let y = c + 31. What is the greatest common divisor of y and h?
12
Let g = 14 - -10. What is the greatest common divisor of g and 3?
3
Let y be 1 - 398/4*-2. Calculate the greatest common factor of y and 25.
25
Let u = -9 - -5. Let d(j) = j**3 - 8*j**2 - 7*j + 2. Let f be d(9). Let k = f + u. What is the highest common factor of k and 2?
2
Suppose 3*g - 58 = -7*r + 2*r, -3*g - 4*r + 56 = 0. Let v be 2/(-2) + 1*17. Calculate the highest common divisor of g and v.
16
Let t(k) = k**3 + 6*k**2 - 11*k - 10. Let j be t(-7). What is the highest common factor of 198 and j?
18
Let a = -43 + 53. What is the highest common factor of a and 30?
10
Let i(y) = -5*y - 4. Let r be i(-3). What is the highest common factor of r and 22?
11
Suppose -5*x + 6 = -14. Let n be (12 - 1) + 3 + -2. Calculate the highest common divisor of n and x.
4
Suppose 0*y = -2*y + o + 23, 5*y = 2*o + 60. What is the greatest common factor of 70 and y?
14
Let n(b) = b + 7. Let l be n(5). Let x = -34 - -166. Calculate the highest common divisor of l and x.
12
Let f(n) be the first derivative of -n**2/2 - n + 1. Let t be f(-1). Suppose t = -3*q + 37 + 53. Calculate the highest common factor of 20 and q.
10
Let j = -7 + 18. Suppose -3*h = -10*h + 28. Suppose 9 + j = h*k. What is the highest common factor of k and 55?
5
Suppose 5*v - 1 = 9. Let m(a) = a**3 + 3*a**2 + 4. Let x be m(-3). What is the highest common divisor of x and v?
2
Let j = -89 + 97. Calculate the greatest common divisor of j and 1.
1
Suppose 0*s = -s + 3. Suppose -2*l - s*l = -40. Let t = -260 + 332. Calculate the greatest common factor of t and l.
8
Suppose 4*k - 4 = 12. Let a be (-2 - 0) + (6 - 0). What is the greatest common factor of a and k?
4
Suppose -3*u + 8*u - 3*d - 591 = 0, -u - 2*d + 113 = 0. Calculate the greatest common factor of 9 and u.
9
Let p be (2/2)/((-4)/84). Let r = 33 - p. What is the highest common divisor of 6 and r?
6
Let l(v) = -7*v - 10. Let j(b) = -3*b - 5. Let q(f) = 5*j(f) - 3*l(f). Let g be q(5). What is the greatest common divisor of g and 5?
5
Suppose -2*u = 2*r + 3*r - 36, 5*r + 72 = 4*u. What is the greatest common divisor of u and 72?
18
Suppose 0*v - 5*v = -45. Calculate the highest common factor of v and 9.
9
Let n be (-1375)/15*9/(-3). What is the greatest common divisor of 25 and n?
25
Let b(v) = -v**2 - 4*v + 1. Let l be b(-3). Suppose -l*z + 30 = -5*j, 5*z - 48 = -0*z + j. Calculate the greatest common divisor of 70 and z.
10
Suppose -32 + 0 = -4*b. Let q(r) = 7*r**2 + r + 4. Let j = -9 - -6. Let f be q(j). What is the highest common divisor of f and b?
8
Let n be 94/18 - (-8)/(-36). Suppose -22 = -2*x + 3*f + n, 4*x - 5*f = 53. Calculate the highest common divisor of x and 84.
12
Suppose 0 = w - 44 - 436. Let k = w - 323. Suppose -4*t = 5*l - k - 44, -3*t = -l - 127. What is the greatest common divisor of t and 11?
11
Suppose 3*f + 3 + 23 = h, -2*h = -5*f - 55. What is the greatest common factor of h and 7?
7
Let u(y) = y**3 + 19*y**2 - 23*y + 28. Let o be u(-20). Suppose s = 3 + 5. Calculate the highest common factor of o and s.
8
Let j be (-140)/7 - 3*-1. Let u = 26 + j. Calculate the highest common divisor of u and 9.
9
Let v = 61 - 43. What is the highest common divisor of 54 and v?
18
Let r be -1 + -1 - (-11 - 2). Let y = -1 - 9. Let i(g) = g**3 + 11*g**2 + 5*g + 5. Let f be i(y). What is the highest common factor of f a